*u - 33*u = 35*u - 660. List the prime factors of 7076/u - v/(-33).
7, 23
Suppose 0 = 22*a + 4*a - 5414 - 19078. What are the prime factors of a?
2, 3, 157
Let p be (-1 - 0)*-7*(-36080)/(-287). What are the prime factors of 63/(-14)*(2 + p/(-12))?
3, 107
Let i be 1/((-44)/12 - -4). Let y be 98/21 + i/9 + -2. Suppose -620 = -y*z + 5*l - 3*l, -5*l = 3*z - 634. List the prime factors of z.
2, 13
Let l = 356 + -353. Suppose 0 = -3*k + 3*d + 2166, -l*d + 8 = -5*d. What are the prime factors of k?
2, 359
Suppose 8*g + g - g = 126952. List the prime factors of g.
7, 2267
Let z = 5877 + 1042. What are the prime factors of z?
11, 17, 37
Suppose -315*o - 135*o = -13135050. List the prime factors of o.
17, 101
Suppose -4*l + 5725 = -3*v + 38300, -v + 5*l = -10884. What are the prime factors of v?
19, 571
Let a = 41327 - 27639. What are the prime factors of a?
2, 29, 59
Let h be (-272 - -4)*(-4 - -2). What are the prime factors of h + 1*(-25)/15*-3?
541
What are the prime factors of (-7)/(4 + (-401010)/100242)?
3, 5569
List the prime factors of 2616375/85 + ((-22)/(-187) - 0).
30781
What are the prime factors of -7 + 12 - (3 - 7 - 4990)?
4999
Let n(j) = 28*j**2 - 25*j + 150. Let b be n(11). Suppose b = -15*k + 23693. What are the prime factors of k?
2, 3, 227
Suppose -480*q + 460*q + 117888 = -1332. What are the prime factors of q?
3, 1987
Let x(j) = 321*j + 11193. What are the prime factors of x(117)?
2, 3, 5, 13
Suppose 5*n - 10 = 10. What are the prime factors of n + 0 + (-2064)/(-12) - 3?
173
List the prime factors of (14/(-35))/((2*(-6)/2892)/35).
2, 7, 241
What are the prime factors of 10767 + 246/22 + -11 + (-2)/11?
3, 37, 97
Suppose 3*m = -5*g + 136794, 16*g - 54740 = 14*g + 2*m. List the prime factors of g.
3, 7, 1303
Let m(w) = -2*w**2 + 29*w + 3. Let h be m(13). Suppose h = -k + 8*k. List the prime factors of 348/5 - k/(-15).
2, 5, 7
Let x(p) = 870*p - 12679. What are the prime factors of x(30)?
13421
Suppose -2*z = 56*z + 26549 - 438117. List the prime factors of z.
2, 887
Suppose -48*n + 64*n - 27745 = -y, 0 = 5*n + 5*y - 8675. What are the prime factors of n?
2, 3, 17
Let x = 110 - 65. Let n = 47 - x. Suppose 376 = 4*c + 2*o, n*c = 2*o + 3*o + 164. What are the prime factors of c?
2, 23
Let r = 9 - 7. Suppose 290 = -8*u - r*u. Let m = 37 + u. List the prime factors of m.
2
Suppose 11 = -w + 14. Let g(k) = 175*k**2 + 2. What are the prime factors of g(w)?
19, 83
Let w = 191 + -139. Let s = 55 - w. Suppose 2*v = -s*v + 2*b + 911, -b = v - 178. List the prime factors of v.
181
Suppose 3*r = -3*x + 30309, 2*r + 3*r - 2*x = 50522. What are the prime factors of r?
2, 3, 421
Suppose -b - 4*z - 105 = -z, 2*b + 4*z + 212 = 0. Let s = b - -113. Suppose 5*x + 2*u - 938 = 3*u, s*u = -3*x + 546. What are the prime factors of x?
11, 17
Suppose 598*n - 8000648 = 10302936. List the prime factors of n.
2, 1913
Let o be (7 - 6) + 91 + 3. Let m(d) = 6*d + 44. Let c be m(-15). Let r = o + c. What are the prime factors of r?
7
Suppose 0 = -2*o - 2*u + 716, 2*u + 1073 = 3*o + 4. List the prime factors of o.
3, 7, 17
Let o(s) = -s**2 - 27*s - 45. Let y be o(-2). Suppose -4*j + 2886 = y*f - 0*f, 4*f + 3*j - 2308 = 0. What are the prime factors of f?
2, 7, 41
Let b = -7 - -13. Let p be b/((-9)/3)*-2. Suppose -l - l = 4*f - 210, 5*l + p*f = 555. What are the prime factors of l?
5, 23
Suppose 13 - 3 = 5*d. Let b(x) = -x**3 - 7*x + 14*x**d + 8 - 27*x**2 + 21*x**2. List the prime factors of b(5).
2, 3
Let v(b) = 2*b + 41. Let j(k) = 5*k + 81. Let d(f) = -3*j(f) + 5*v(f). Let c be d(-8). Suppose 27 - 319 = -c*g. What are the prime factors of g?
2, 73
Let v = 33254 + -16141. List the prime factors of v.
109, 157
Suppose 79 = 17*x + 1507. Let g be 24/(-9)*3/2. Let u = g - x. What are the prime factors of u?
2, 5
Let v = 24 + -24. Suppose g + 4 = v, 5*b + 240 = -2*g - 3*g. Let z = 93 + b. List the prime factors of z.
7
Let n(y) = 76*y**2 + 74*y**2 + 71*y**2 - 7*y - 218*y**2 + 3. What are the prime factors of n(-8)?
251
Let b(a) = -3*a**2 - 14*a + 103. Let y be b(7). Let m = 265 - y. List the prime factors of m.
11, 37
Suppose -2*d - d = -3*z + 3, z - 2*d = -3. Suppose -z*g - 35 = -5*v, -10 = -2*g - 3*g. Let b = v - -83. List the prime factors of b.
2, 23
Let m(n) = n + 13. Let h be m(-12). List the prime factors of h + 13 + -2 + (-1 - -5).
2
List the prime factors of ((-760)/50)/(-1 - 13/(-15)).
2, 3, 19
Suppose 12 = 2*m - 3*j - 6, 3*m + j - 5 = 0. Let a(r) = 47*r**2 + 7*r + 4. List the prime factors of a(m).
2, 7
Suppose -2*h + 50243 = k + 3946, h + 4*k - 23124 = 0. List the prime factors of h.
2, 1447
Let n = -34 - -34. Let k be n - 308/((-2)/2). Suppose 102 = -2*x + 3*x + b, -3*x - 4*b + k = 0. What are the prime factors of x?
2, 5
Let j(h) = -h**3 + 8*h**2 - 17*h - 26. Let q be j(9). What are the prime factors of (-6239)/(-9) - (q/117)/(-10)?
3, 7, 11
Let d = -66916 + 124491. List the prime factors of d.
5, 7, 47
Suppose -6339 = -4*o + 3*a, 2*o + 4*a + 3172 = 4*o. Suppose 6*w = o + 1020. What are the prime factors of w?
2, 7, 31
Suppose 11*t + 843 = -3887. Let h = t - -1390. What are the prime factors of h?
2, 3, 5
Let l(j) = -5*j - 43. Let r be l(-9). Let w = -20 - -20. Suppose 70 = h + 5*d - 18, w = -5*h - r*d + 394. What are the prime factors of h?
2, 3, 13
Let t = -10014 - -14315. List the prime factors of t.
11, 17, 23
Let n(d) = -5*d**3 - 16*d**2 - 17*d - 13. List the prime factors of n(-12).
61, 107
List the prime factors of 34993 - ((-24)/40 - (-420)/(-50)).
2, 11, 37, 43
Suppose -2 = 5*g - 4*u - 160, 4*g - 130 = 5*u. Let b = g + -28. Suppose -b*o = 187 - 225. List the prime factors of o.
19
Let m be (-1)/(6/25848*4). Let l = m + 1518. List the prime factors of l.
3, 7
Suppose -208*c = -2253119 - 5017105. What are the prime factors of c?
3, 61, 191
Let q = -66 - -132. Let x = q + -79. What are the prime factors of (-2394)/(-10) - (x/5 - -3)?
239
Suppose -4*t = -4*q + 16, 4*q - 3*t + t = 16. Suppose 2090 = 2*k - 2*u, -2*k - q*u + 2090 = -8*u. List the prime factors of k.
5, 11, 19
Suppose 3*s = 2*r - 475, -4*r - s + 995 = 2*s. Let d = 440 - r. Suppose 0 = 4*w - 2*w + 3*h - 115, -3*h - d = -3*w. List the prime factors of w.
2, 31
Let u = 1811 + 55652. What are the prime factors of u?
7, 8209
Let z = 11 - 37. Let m = 31 + z. Suppose 0 = -2*a + 3*t + 119, m*t = -a - 13 + 105. List the prime factors of a.
67
Let f = 6515 - -1374. List the prime factors of f.
7, 23
Let g(u) = 16*u - 1. Let t(l) = -4*l + 17. Let a be t(4). Let r be g(a). Let w = r - -256. What are the prime factors of w?
271
Suppose 4*t = 3*x + 46487, 25*x + 11628 = t + 23*x. List the prime factors of t.
2, 37, 157
Let w(d) = -d + 29. Let a be w(0). Let o = a + -26. Suppose q + 4*q = o*n + 315, -4*n + 284 = 4*q. List the prime factors of q.
2, 3, 11
Suppose 1888 = 3*o + 4*j, 2*j = -8*o + 3*o + 3142. Suppose -2*b + o = -750. List the prime factors of b.
13, 53
Let c(s) = -s**2 - 17*s + 38. Let w be c(-18). Suppose 0 = 4*o - w. Suppose -14*h = -o*h - 540. List the prime factors of h.
2, 3, 5
Let w = 10283 + 3040. What are the prime factors of w?
3, 4441
Let u = -1419 + 19299. List the prime factors of u.
2, 3, 5, 149
What are the prime factors of (9 + 330/(-36))*-12774?
2129
Suppose -181*i - 63*i + 18241818 = 50*i. List the prime factors of i.
62047
Suppose -2*o + 8 = 3*y, 3*o - o = -4*y + 10. Let g be o/(-3) + (-21)/(-9). List the prime factors of g/8 + 693/44.
2
Let g(p) = 6*p - 2. Let r be g(1). Suppose r = -13*h + 14*h. Suppose 0 = -h*c + 467 - 31. List the prime factors of c.
109
List the prime factors of -12*(805049/57)/(-7).
2, 6053
Let s(z) = 23*z**2 + 41*z + 12. Let d be s(-17). Suppose 13*y = 24*y - d. List the prime factors of y.
2, 271
Let y = 3055 + -1680. List the prime factors of y.
5, 11
Let p be 5*(4 + (-88)/10). List the prime factors of ((14 - 8) + -44)/(2/p).
2, 3, 19
Let i = -53 - -17. Let m be 4*2/i - (-8068)/18. Suppose 11*b = 7*b + m. What are the prime factors of b?
2, 7
Let j = -3696 - -6139. List the prime factors of j.
7, 349
Let a(k) = k**2 + k**2 - 10 - 11 - 38*k. Let s be a(19). List the prime factors of (58/(-6) - 1)*s/14.
2
What are the prime factors of -90*(-29 - 1) + -12?
2, 3, 7
Let y = 552 - 62. Let r = 290 + y. List the prime factors of r.
2, 3, 5, 13
List the p